{"id":1636,"date":"2019-06-05T14:38:07","date_gmt":"2019-06-05T12:38:07","guid":{"rendered":"http:\/\/www.classicalguitar.de\/?page_id=1636"},"modified":"2025-05-31T20:07:52","modified_gmt":"2025-05-31T18:07:52","slug":"biography","status":"publish","type":"page","link":"https:\/\/www.classicalguitar.de\/en\/biography\/","title":{"rendered":"Biography"},"content":{"rendered":"<p>[et_pb_section fb_built=&#8221;1&#8243; _builder_version=&#8221;4.16&#8243; background_color=&#8221;#fffddc&#8221; border_width_top=&#8221;1px&#8221; border_color_top=&#8221;#e7ab37&#8243; global_colors_info=&#8221;{}&#8221;][et_pb_row column_structure=&#8221;1_3,2_3&#8243; _builder_version=&#8221;4.16&#8243; background_size=&#8221;initial&#8221; background_position=&#8221;top_left&#8221; background_repeat=&#8221;repeat&#8221; global_colors_info=&#8221;{}&#8221;][et_pb_column type=&#8221;1_3&#8243; _builder_version=&#8221;4.16&#8243; custom_padding=&#8221;|||&#8221; global_colors_info=&#8221;{}&#8221; custom_padding__hover=&#8221;|||&#8221;][et_pb_image src=&#8221;http:\/\/www.classicalguitar.de\/wp-content\/uploads\/2018\/07\/DSCF2022a-250.jpg&#8221; align=&#8221;right&#8221; align_tablet=&#8221;center&#8221; align_phone=&#8221;center&#8221; align_last_edited=&#8221;on|desktop&#8221; _builder_version=&#8221;4.16&#8243; max_width_tablet=&#8221;80%&#8221; max_width_phone=&#8221;100%&#8221; max_width_last_edited=&#8221;on|desktop&#8221; module_alignment=&#8221;right&#8221; custom_margin=&#8221;0px|||&#8221; border_width_all=&#8221;1px&#8221; border_color_all=&#8221;#e7ab37&#8243; global_colors_info=&#8221;{}&#8221;][\/et_pb_image][et_pb_image src=&#8221;http:\/\/www.classicalguitar.de\/wp-content\/uploads\/2025\/05\/Klaus_Jaeckle2025_3web-scaled.jpg&#8221; _builder_version=&#8221;4.23.1&#8243; _module_preset=&#8221;default&#8221; title_text=&#8221;Klaus_J\u00e4ckle2025_3web&#8221; hover_enabled=&#8221;0&#8243; sticky_enabled=&#8221;0&#8243;][\/et_pb_image][\/et_pb_column][et_pb_column type=&#8221;2_3&#8243; _builder_version=&#8221;4.16&#8243; custom_padding=&#8221;|||&#8221; global_colors_info=&#8221;{}&#8221; custom_padding__hover=&#8221;|||&#8221;][et_pb_text _builder_version=&#8221;4.16&#8243; global_colors_info=&#8221;{}&#8221;]<\/p>\n<h1>\u2013 \u00bb<span style=\"font-size: x-large;\">This was poetry and passion both at the same time<\/span>\u00ab<br \/>\u2013 \u00bb<span style=\"font-size: x-large;\">A stylist of extraordinary quality<\/span>\u00ab<\/h1>\n<p>&nbsp;<\/p>\n<p>\u00a0Klaus J\u00e4ckle performed for Herbert von Karajan, the Princess of Tonga and for example in the Berlin Philharmonie.<\/p>\n<p>Klaus J\u00e4ckle lives freelancing from concertizing in N\u00fcrnberg, Germany. As a soloist and chamber musician in demand he has a large repertoire in all kind of stylistics. He performed with artists like Irena Grafenauer, flute, Tabea Zimmermann, viola, and the Gewandhaus Quartett, Leipzig.<\/p>\n<p>By now he released more than 20 CDs, also actual high end qualitiy LPs, and numerous sheet music editions of his own transcriptions with various publishers, records regularly for the Bavarian public radio and get broadcasted in Austria and Slovenia and the USA.<\/p>\n<p>Recently he succeeded with his Arrangement of Schuberts \u201eWinterreise\u201c together with Tilman Lichdi, tenor.<\/p>\n<p>Klaus J\u00e4ckle studied at the \u201cMozarteum\u201d in Salzburg and continued exclusively with <strong><a href=\"http:\/\/www.peperomero.com\/\">Pepe Romero<\/a><\/strong> who described his performances a <strong><a href=\"http:\/\/www.classicalguitar.de\/downloads\/RomeroRecommendationletter.pdf\">\u201cDelightful experience\u201d<\/a><\/strong>. He invited him to tour with Los Romeros guitar quartet. J\u00e4ckle also stepped in successfully as soloist for Pepe Romero.<\/p>\n<p>He was featured in masterclasses of Julian Bream, Eliot Fisk and Wolfgang Lendle.<\/p>\n<p>\u00a0<strong>Prizes: <\/strong><br \/>\u201eLilli-Lehmann-Medaille\u201c from International Foundation Mozarteum in Salzburg, 1990<br \/>\u201eWolfram-von-Eschenbach Kulturf\u00f6rderpreis\u201c from Government Mittelfranken, 1997<br \/>Prizewinner at International Guitarcompetition Plovdiv, Bulgaria, 1998<br \/>F\u00f6rderpreis from Stiftung Studium Wissenschaft und Kunst, N\u00fcrnberg, 2007<br \/>Kulturf\u00f6rderpreis fron City of N\u00fcrnberg 2015<\/p>\n<div align=\"center\"><\/div>\n<p><strong>Venues: <\/strong><br \/>Schleswig-Holstein Musik-Festival, Philharmonie Berlin<br \/>Konzerthaus Berlin, Gewandhaus Leipzig, Gasteig M\u00fcnchen, Meistersingerhalle N\u00fcrnberg, Mozarteum Salzburg, in Wien, Paris, Florenz, Prag, Austin, Sacramento, Los Angeles&#8230;<br \/>as well as on the ocean at MS Deutschland.<\/p>\n<p>[\/et_pb_text][\/et_pb_column][\/et_pb_row][\/et_pb_section][et_pb_section fb_built=&#8221;1&#8243; _builder_version=&#8221;4.16&#8243; background_color=&#8221;#fffddc&#8221; border_width_top=&#8221;1px&#8221; border_color_top=&#8221;#e7ab37&#8243; global_colors_info=&#8221;{}&#8221;][et_pb_row column_structure=&#8221;1_3,2_3&#8243; module_class=&#8221;custom-row&#8221; _builder_version=&#8221;4.16&#8243; background_size=&#8221;initial&#8221; background_position=&#8221;top_left&#8221; background_repeat=&#8221;repeat&#8221; global_colors_info=&#8221;{}&#8221;][et_pb_column type=&#8221;1_3&#8243; _builder_version=&#8221;4.16&#8243; custom_padding=&#8221;|||&#8221; global_colors_info=&#8221;{}&#8221; custom_padding__hover=&#8221;|||&#8221;][et_pb_image src=&#8221;http:\/\/www.classicalguitar.de\/wp-content\/uploads\/2018\/05\/transparent.png&#8221; align_tablet=&#8221;center&#8221; align_phone=&#8221;center&#8221; align_last_edited=&#8221;on|desktop&#8221; _builder_version=&#8221;4.16&#8243; global_colors_info=&#8221;{}&#8221;][\/et_pb_image][\/et_pb_column][et_pb_column type=&#8221;2_3&#8243; _builder_version=&#8221;4.16&#8243; custom_padding=&#8221;|||&#8221; global_colors_info=&#8221;{}&#8221; custom_padding__hover=&#8221;|||&#8221;][et_pb_text _builder_version=&#8221;4.16&#8243; global_colors_info=&#8221;{}&#8221;]<\/p>\n<p><strong>Press Photos: <\/strong><br \/>Please click with the right Mouse on the Photos to save them.<\/p>\n<p>Photo credits: <strong><a href=\"https:\/\/www.jfk-photography.com\/\">Johannes Kirchherr<\/a><\/strong><\/p>\n<p>[\/et_pb_text][et_pb_image src=&#8221;http:\/\/www.classicalguitar.de\/wp-content\/uploads\/2025\/05\/Klaus_Jaeckle2025_2web-scaled.jpg&#8221; url=&#8221;http:\/\/www.classicalguitar.de\/downloads\/Klaus_J\u00e4ckle2025_2.jpg&#8221; url_new_window=&#8221;on&#8221; align_tablet=&#8221;center&#8221; align_phone=&#8221;center&#8221; align_last_edited=&#8221;on|desktop&#8221; _builder_version=&#8221;4.23.1&#8243; hover_enabled=&#8221;0&#8243; global_colors_info=&#8221;{}&#8221; title_text=&#8221;Klaus_J\u00e4ckle2025_2web&#8221; custom_margin=&#8221;|5px||5px|false|true&#8221; sticky_enabled=&#8221;0&#8243;][\/et_pb_image][et_pb_image src=&#8221;http:\/\/www.classicalguitar.de\/wp-content\/uploads\/2025\/05\/Klaus_Jaeckle_2025_1web-scaled.jpg&#8221; url=&#8221;http:\/\/www.classicalguitar.de\/downloads\/Klaus_J\u00e4ckle2025_1.jpg&#8221; url_new_window=&#8221;on&#8221; align_tablet=&#8221;center&#8221; align_phone=&#8221;center&#8221; align_last_edited=&#8221;on|desktop&#8221; _builder_version=&#8221;4.23.1&#8243; hover_enabled=&#8221;0&#8243; global_colors_info=&#8221;{}&#8221; title_text=&#8221;Klaus_J\u00e4ckle_2025_1web&#8221; custom_margin=&#8221;|5px||5px|false|true&#8221; sticky_enabled=&#8221;0&#8243;][\/et_pb_image][et_pb_image src=&#8221;http:\/\/www.classicalguitar.de\/wp-content\/uploads\/2025\/05\/Klaus_Jaeckle2025_5web.jpg&#8221; url=&#8221;http:\/\/www.classicalguitar.de\/downloads\/Klaus_J\u00e4ckle2025_5.jpg&#8221; url_new_window=&#8221;on&#8221; align_tablet=&#8221;center&#8221; align_phone=&#8221;center&#8221; align_last_edited=&#8221;on|desktop&#8221; _builder_version=&#8221;4.23.1&#8243; hover_enabled=&#8221;0&#8243; global_colors_info=&#8221;{}&#8221; title_text=&#8221;Klaus_J\u00e4ckle2025_5web&#8221; custom_margin=&#8221;|5px||5px|false|true&#8221; sticky_enabled=&#8221;0&#8243;][\/et_pb_image][et_pb_image src=&#8221;http:\/\/www.classicalguitar.de\/wp-content\/uploads\/2025\/05\/Klaus_Jaeckle_2025_6web-scaled.jpg&#8221; url=&#8221;http:\/\/www.classicalguitar.de.\/downloads\/Klaus_J\u00e4ckle2025_6.jpg&#8221; url_new_window=&#8221;on&#8221; align_tablet=&#8221;center&#8221; align_phone=&#8221;center&#8221; align_last_edited=&#8221;on|desktop&#8221; _builder_version=&#8221;4.23.1&#8243; hover_enabled=&#8221;0&#8243; global_colors_info=&#8221;{}&#8221; title_text=&#8221;Klaus_J\u00e4ckle_2025_6web&#8221; custom_margin=&#8221;|5px||5px|false|true&#8221; sticky_enabled=&#8221;0&#8243;][\/et_pb_image][\/et_pb_column][\/et_pb_row][\/et_pb_section]<\/p>\n","protected":false},"excerpt":{"rendered":"<p>\u2013 \u00bbThis was poetry and passion both at the same time\u00ab\u2013 \u00bbA stylist of extraordinary quality\u00ab &nbsp; \u00a0Klaus J\u00e4ckle performed for Herbert von Karajan, the Princess of Tonga and for example in the Berlin Philharmonie. Klaus J\u00e4ckle lives freelancing from concertizing in N\u00fcrnberg, Germany. As a soloist and chamber musician in demand he has a [&hellip;]<\/p>\n","protected":false},"author":1,"featured_media":0,"parent":0,"menu_order":0,"comment_status":"closed","ping_status":"closed","template":"","meta":{"_et_pb_use_builder":"on","_et_pb_old_content":"","_et_gb_content_width":"","footnotes":""},"_links":{"self":[{"href":"https:\/\/www.classicalguitar.de\/en\/wp-json\/wp\/v2\/pages\/1636"}],"collection":[{"href":"https:\/\/www.classicalguitar.de\/en\/wp-json\/wp\/v2\/pages"}],"about":[{"href":"https:\/\/www.classicalguitar.de\/en\/wp-json\/wp\/v2\/types\/page"}],"author":[{"embeddable":true,"href":"https:\/\/www.classicalguitar.de\/en\/wp-json\/wp\/v2\/users\/1"}],"replies":[{"embeddable":true,"href":"https:\/\/www.classicalguitar.de\/en\/wp-json\/wp\/v2\/comments?post=1636"}],"version-history":[{"count":6,"href":"https:\/\/www.classicalguitar.de\/en\/wp-json\/wp\/v2\/pages\/1636\/revisions"}],"predecessor-version":[{"id":2540,"href":"https:\/\/www.classicalguitar.de\/en\/wp-json\/wp\/v2\/pages\/1636\/revisions\/2540"}],"wp:attachment":[{"href":"https:\/\/www.classicalguitar.de\/en\/wp-json\/wp\/v2\/media?parent=1636"}],"curies":[{"name":"wp","href":"https:\/\/api.w.org\/{rel}","templated":true}]}}

<p>[et_pb_section fb_built=&#8221;1&#8243; _builder_version=&#8221;4.16&#8243; background_color=&#8221;#fffddc&#8221; border_width_top=&#8221;1px&#8221; border_color_top=&#8221;#e7ab37&#8243; global_colors_info=&#8221;{}&#8221;][et_pb_row column_structure=&#8221;1_3,2_3&#8243; _builder_version=&#8221;4.16&#8243; background_size=&#8221;initial&#8221; background_position=&#8221;top_left&#8221; background_repeat=&#8221;repeat&#8221; global_colors_info=&#8221;{}&#8221;][et_pb_column type=&#8221;1_3&#8243; _builder_version=&#8221;4.16&#8243; custom_padding=&#8221;|||&#8221; global_colors_info=&#8221;{}&#8221; custom_padding__hover=&#8221;|||&#8221;][et_pb_image src=&#8221;http://www.classicalguitar.de/wp-content/uploads/2018/07/DSCF2022a-250.jpg&#8221; align=&#8221;right&#8221; align_tablet=&#8221;center&#8221; align_phone=&#8221;center&#8221; align_last_edited=&#8221;on|desktop&#8221; _builder_version=&#8221;4.16&#8243; max_width_tablet=&#8221;80%&#8221; max_width_phone=&#8221;100%&#8221; max_width_last_edited=&#8221;on|desktop&#8221; module_alignment=&#8221;right&#8221; custom_margin=&#8221;0px|||&#8221; border_width_all=&#8221;1px&#8221; border_color_all=&#8221;#e7ab37&#8243; global_colors_info=&#8221;{}&#8221;][/et_pb_image][et_pb_image src=&#8221;http://www.classicalguitar.de/wp-content/uploads/2025/05/Klaus_Jaeckle2025_3web-scaled.jpg&#8221; _builder_version=&#8221;4.23.1&#8243; _module_preset=&#8221;default&#8221; title_text=&#8221;Klaus_Jäckle2025_3web&#8221; hover_enabled=&#8221;0&#8243; sticky_enabled=&#8221;0&#8243;][/et_pb_image][/et_pb_column][et_pb_column type=&#8221;2_3&#8243; _builder_version=&#8221;4.16&#8243; custom_padding=&#8221;|||&#8221; global_colors_info=&#8221;{}&#8221; custom_padding__hover=&#8221;|||&#8221;][et_pb_text _builder_version=&#8221;4.16&#8243; global_colors_info=&#8221;{}&#8221;]</p>
<h1>– »<span style="font-size: x-large;">This was poetry and passion both at the same time</span>«<br />– »<span style="font-size: x-large;">A stylist of extraordinary quality</span>«</h1>
<p>&nbsp;</p>
<p> Klaus Jäckle performed for Herbert von Karajan, the Princess of Tonga and for example in the Berlin Philharmonie.</p>
<p>Klaus Jäckle lives freelancing from concertizing in Nürnberg, Germany. As a soloist and chamber musician in demand he has a large repertoire in all kind of stylistics. He performed with artists like Irena Grafenauer, flute, Tabea Zimmermann, viola, and the Gewandhaus Quartett, Leipzig.</p>
<p>By now he released more than 20 CDs, also actual high end qualitiy LPs, and numerous sheet music editions of his own transcriptions with various publishers, records regularly for the Bavarian public radio and get broadcasted in Austria and Slovenia and the USA.</p>
<p>Recently he succeeded with his Arrangement of Schuberts „Winterreise“ together with Tilman Lichdi, tenor.</p>
<p>Klaus Jäckle studied at the “Mozarteum” in Salzburg and continued exclusively with <strong><a href="http://www.peperomero.com/">Pepe Romero</a></strong> who described his performances a <strong><a href="http://www.classicalguitar.de/downloads/RomeroRecommendationletter.pdf">“Delightful experience”</a></strong>. He invited him to tour with Los Romeros guitar quartet. Jäckle also stepped in successfully as soloist for Pepe Romero.</p>
<p>He was featured in masterclasses of Julian Bream, Eliot Fisk and Wolfgang Lendle.</p>
<p> <strong>Prizes: </strong><br />„Lilli-Lehmann-Medaille“ from International Foundation Mozarteum in Salzburg, 1990<br />„Wolfram-von-Eschenbach Kulturförderpreis“ from Government Mittelfranken, 1997<br />Prizewinner at International Guitarcompetition Plovdiv, Bulgaria, 1998<br />Förderpreis from Stiftung Studium Wissenschaft und Kunst, Nürnberg, 2007<br />Kulturförderpreis fron City of Nürnberg 2015</p>
<div align="center"></div>
<p><strong>Venues: </strong><br />Schleswig-Holstein Musik-Festival, Philharmonie Berlin<br />Konzerthaus Berlin, Gewandhaus Leipzig, Gasteig München, Meistersingerhalle Nürnberg, Mozarteum Salzburg, in Wien, Paris, Florenz, Prag, Austin, Sacramento, Los Angeles&#8230;<br />as well as on the ocean at MS Deutschland.</p>
<p>[/et_pb_text][/et_pb_column][/et_pb_row][/et_pb_section][et_pb_section fb_built=&#8221;1&#8243; _builder_version=&#8221;4.16&#8243; background_color=&#8221;#fffddc&#8221; border_width_top=&#8221;1px&#8221; border_color_top=&#8221;#e7ab37&#8243; global_colors_info=&#8221;{}&#8221;][et_pb_row column_structure=&#8221;1_3,2_3&#8243; module_class=&#8221;custom-row&#8221; _builder_version=&#8221;4.16&#8243; background_size=&#8221;initial&#8221; background_position=&#8221;top_left&#8221; background_repeat=&#8221;repeat&#8221; global_colors_info=&#8221;{}&#8221;][et_pb_column type=&#8221;1_3&#8243; _builder_version=&#8221;4.16&#8243; custom_padding=&#8221;|||&#8221; global_colors_info=&#8221;{}&#8221; custom_padding__hover=&#8221;|||&#8221;][et_pb_image src=&#8221;http://www.classicalguitar.de/wp-content/uploads/2018/05/transparent.png&#8221; align_tablet=&#8221;center&#8221; align_phone=&#8221;center&#8221; align_last_edited=&#8221;on|desktop&#8221; _builder_version=&#8221;4.16&#8243; global_colors_info=&#8221;{}&#8221;][/et_pb_image][/et_pb_column][et_pb_column type=&#8221;2_3&#8243; _builder_version=&#8221;4.16&#8243; custom_padding=&#8221;|||&#8221; global_colors_info=&#8221;{}&#8221; custom_padding__hover=&#8221;|||&#8221;][et_pb_text _builder_version=&#8221;4.16&#8243; global_colors_info=&#8221;{}&#8221;]</p>
<p><strong>Press Photos: </strong><br />Please click with the right Mouse on the Photos to save them.</p>
<p>Photo credits: <strong><a href="https://www.jfk-photography.com/">Johannes Kirchherr</a></strong></p>
<p>[/et_pb_text][et_pb_image src=&#8221;http://www.classicalguitar.de/wp-content/uploads/2025/05/Klaus_Jaeckle2025_2web-scaled.jpg&#8221; url=&#8221;http://www.classicalguitar.de/downloads/Klaus_Jäckle2025_2.jpg&#8221; url_new_window=&#8221;on&#8221; align_tablet=&#8221;center&#8221; align_phone=&#8221;center&#8221; align_last_edited=&#8221;on|desktop&#8221; _builder_version=&#8221;4.23.1&#8243; hover_enabled=&#8221;0&#8243; global_colors_info=&#8221;{}&#8221; title_text=&#8221;Klaus_Jäckle2025_2web&#8221; custom_margin=&#8221;|5px||5px|false|true&#8221; sticky_enabled=&#8221;0&#8243;][/et_pb_image][et_pb_image src=&#8221;http://www.classicalguitar.de/wp-content/uploads/2025/05/Klaus_Jaeckle_2025_1web-scaled.jpg&#8221; url=&#8221;http://www.classicalguitar.de/downloads/Klaus_Jäckle2025_1.jpg&#8221; url_new_window=&#8221;on&#8221; align_tablet=&#8221;center&#8221; align_phone=&#8221;center&#8221; align_last_edited=&#8221;on|desktop&#8221; _builder_version=&#8221;4.23.1&#8243; hover_enabled=&#8221;0&#8243; global_colors_info=&#8221;{}&#8221; title_text=&#8221;Klaus_Jäckle_2025_1web&#8221; custom_margin=&#8221;|5px||5px|false|true&#8221; sticky_enabled=&#8221;0&#8243;][/et_pb_image][et_pb_image src=&#8221;http://www.classicalguitar.de/wp-content/uploads/2025/05/Klaus_Jaeckle2025_5web.jpg&#8221; url=&#8221;http://www.classicalguitar.de/downloads/Klaus_Jäckle2025_5.jpg&#8221; url_new_window=&#8221;on&#8221; align_tablet=&#8221;center&#8221; align_phone=&#8221;center&#8221; align_last_edited=&#8221;on|desktop&#8221; _builder_version=&#8221;4.23.1&#8243; hover_enabled=&#8221;0&#8243; global_colors_info=&#8221;{}&#8221; title_text=&#8221;Klaus_Jäckle2025_5web&#8221; custom_margin=&#8221;|5px||5px|false|true&#8221; sticky_enabled=&#8221;0&#8243;][/et_pb_image][et_pb_image src=&#8221;http://www.classicalguitar.de/wp-content/uploads/2025/05/Klaus_Jaeckle_2025_6web-scaled.jpg&#8221; url=&#8221;http://www.classicalguitar.de./downloads/Klaus_Jäckle2025_6.jpg&#8221; url_new_window=&#8221;on&#8221; align_tablet=&#8221;center&#8221; align_phone=&#8221;center&#8221; align_last_edited=&#8221;on|desktop&#8221; _builder_version=&#8221;4.23.1&#8243; hover_enabled=&#8221;0&#8243; global_colors_info=&#8221;{}&#8221; title_text=&#8221;Klaus_Jäckle_2025_6web&#8221; custom_margin=&#8221;|5px||5px|false|true&#8221; sticky_enabled=&#8221;0&#8243;][/et_pb_image][/et_pb_column][/et_pb_row][/et_pb_section]</p>

<p>– »This was poetry and passion both at the same time«– »A stylist of extraordinary quality« &nbsp;  Klaus Jäckle performed for Herbert von Karajan, the Princess of Tonga and for example in the Berlin Philharmonie. Klaus Jäckle lives freelancing from concertizing in Nürnberg, Germany. As a soloist and chamber musician in demand he has a [&hellip;]</p>
